11111 + 100111101?
-110000010
In base 7, what is -40613115 + -3?
-40613121
In base 8, what is -5 - 45344?
-45351
In base 8, what is 3454 + -56?
3376
In base 8, what is -145 + -31?
-176
In base 16, what is -1575 + -51?
-15c6
In base 3, what is 0 + -111120122?
-111120122
In base 6, what is -21 + -13124?
-13145
In base 10, what is -32 - -2031?
1999
In base 7, what is -100 - -153235?
153135
In base 4, what is -3310020 - 122?
-3310202
In base 10, what is 3 + 332360?
332363
In base 12, what is -550 - 1627?
-1b77
In base 3, what is -120012012110 - -101?
-120012012002
In base 9, what is -5153202 + 1?
-5153201
In base 6, what is -153522 + 1154?
-152324
In base 4, what is 10 + 1331312?
1331322
In base 2, what is 1111010001 + -1001101?
1110000100
In base 9, what is 5423 - 0?
5423
In base 12, what is 108856 - -5?
10885b
In base 13, what is 13667 + -14?
13653
In base 13, what is -b + -887c?
-888a
In base 6, what is -101 + -353?
-454
In base 6, what is 440 + -120?
320
In base 6, what is -33 - 1405311?
-1405344
In base 16, what is 1 - -99fd?
99fe
In base 4, what is -12022 - 1200023?
-1212111
In base 12, what is -8 + 7b7?
7ab
In base 4, what is -131300330 - -1?
-131300323
In base 8, what is -7 - 1311711?
-1311720
In base 8, what is 33325 + 10?
33335
In base 2, what is -101001 + -1110110101000?
-1110111010001
In base 8, what is -2426005 - -5?
-2426000
In base 3, what is 101 + 12121102?
12121210
In base 14, what is 0 + -86230?
-86230
In base 5, what is 12234 + -12233?
1
In base 9, what is 4 - 167184?
-167180
In base 8, what is 1255 + 5?
1262
In base 16, what is -7276 - 4?
-727a
In base 9, what is -2 - -4708?
4706
In base 2, what is 11010 - 1100111010001?
-1100110110111
In base 11, what is -152 + 263?
111
In base 4, what is -3203303 + -20?
-3203323
In base 9, what is -4480 + -80?
-4570
In base 16, what is -2f11 + 5?
-2f0c
In base 10, what is 5507 + 146?
5653
In base 8, what is -2133176 + 5?
-2133171
In base 7, what is -365 + 1141?
443
In base 7, what is 102 + -1330?
-1225
In base 16, what is -b + 1786?
177b
In base 5, what is -242 - -213413?
213121
In base 14, what is -24a - -4dc?
292
In base 15, what is -143 + -21?
-164
In base 11, what is -287 + -210a?
-2396
In base 4, what is -3 - 2001112102?
-2001112111
In base 14, what is -36 + 2285?
224d
In base 7, what is 2526 - 260?
2236
In base 9, what is -16 - 153602?
-153618
In base 13, what is -27cb - -3?
-27c8
In base 14, what is -2c7 + -352?
-639
In base 7, what is 4 - 162530?
-162523
In base 15, what is 21 + 3b4?
3d5
In base 12, what is -7874 + -17?
-788b
In base 3, what is -11 + -1022121001?
-1022121012
In base 3, what is 12 - -202120211202?
202120211221
In base 12, what is 8122b + 4?
81233
In base 6, what is -3 + 5053?
5050
In base 8, what is -312 + -1271?
-1603
In base 5, what is -14114401 - -3?
-14114343
In base 12, what is -1 - 123686?
-123687
In base 7, what is 3514 + -24?
3460
In base 13, what is 3 + 9938c?
99392
In base 12, what is 2237 + -b?
2228
In base 8, what is 10455 + 45?
10522
In base 11, what is -154 - -60?
-a4
In base 10, what is -189 + -8150?
-8339
In base 10, what is -831749 - 4?
-831753
In base 12, what is 4 - -b174?
b178
In base 11, what is 38423 - 13?
38410
In base 9, what is -7758236 + 4?
-7758232
In base 16, what is -1 - 55597?
-55598
In base 10, what is -405842 + 3?
-405839
In base 4, what is -230320 + -22?
-231002
In base 4, what is -102213222210 - -2?
-102213222202
In base 15, what is 7430 - 4?
742b
In base 3, what is -2111022122 - 1?
-2111022200
In base 7, what is 2055 - -252?
2340
In base 3, what is 102 + 12210112222?
12210120101
In base 12, what is 5 + -1954?
-194b
In base 8, what is -201 + 107?
-72
In base 16, what is de55 - d?
de48
In base 14, what is 55 - 32?
23
In base 3, what is 11 - 1210022111?
-1210022100
In base 8, what is -324 + -65?
-411
In base 2, what is -1100011 + 100101001011?
100011101000
In base 16, what is -24d + 4a0?
253
In base 8, what is -7 - -155060?
155051
In base 2, what is 11000111 - -1100011?
100101010
In base 3, what is -1000 - -10222021?
10221021
In base 9, what is 5 + -4330?
-4324
In base 16, what is 4 - -52c?
530
In base 6, what is -11335 - 12?
-11351
In base 14, what is 1c - 1544?
-1526
In base 14, what is -b9 + -1172?
-124b
In base 2, what is 11 - -10100001101100?
10100001101111
In base 4, what is 200 + -21133200?
-21133000
In base 11, what is a34 + 2169?
30a2
In base 12, what is -2512 + -2a?
-2540
In base 9, what is -6028 - 27?
-6056
In base 14, what is -1d9 + 21?
-1b8
In base 16, what is -e9b + 0?
-e9b
In base 15, what is -3ea4 + 8?
-3e9b
In base 4, what is 10 + -3113030?
-3113020
In base 11, what is 272 + -5?
268
In base 10, what is 3 - -51491?
51494
In base 7, what is -126 - 1520?
-1646
In base 16, what is -18b + -11b?
-2a6
In base 11, what is 1a08 - 1?
1a07
In base 7, what is 20050346 + -4?
20050342
In base 5, what is -1330234 - 313?
-1331102
In base 6, what is -13135 - -4422?
-4313
In base 7, what is 133323 - 3?
133320
In base 11, what is 5 + -10746?
-10741
In base 5, what is 2120 + -11001?
-3331
In base 3, what is 200001220 + 2201?
200011121
In base 16, what is -2 + -2810?
-2812
In base 7, what is 6 + 13144424?
13144433
In base 11, what is 9 - 24?
-16
In base 4, what is 31212 + 233103?
330321
In base 12, what is -39aa + 9?
-39a1
In base 3, what is 2022120201010 - -12?
2022120201022
In base 3, what is 1110102120 - 0?
1110102120
In base 2, what is 1111011001111 - -110011110?
10000001101101
In base 16, what is 0 - -9fc7?
9fc7
In base 11, what is 995 + 15?
9aa
In base 13, what is -12 - 129a?
-12ac
In base 16, what is -a0f2 - 4?
-a0f6
In base 11, what is -72 + 73?
1
In base 16, what is -ea756 + -2?
-ea758
In base 6, what is 222 - -2004?
2230
In base 4, what is -11 - 12120321?
-12120332
In base 12, what is -11bb91 + -13?
-11bba4
In base 12, what is 63b1 - -5?
63b6
In base 2, what is 10001110100 - 1000110?
10000101110
In base 10, what is 29158 - 0?
29158
In base 10, what is -12024 + -9?
-12033
In base 15, what is -1a3ec - 4?
-1a401
In base 13, what is -4a9335 - -4?
-4a9331
In base 6, what is 13 - 12243?
-12230
In base 13, what is 4 + -3b10c1?
-3b10ba
In base 5, what is -10 + 110303311?
110303301
In base 8, what is -67 - 265?
-354
In base 7, what is -13 + -51506?
-51522
In base 4, what is -232 + 3321302?
3321010
In base 12, what is -1481 - -23?
-145a
In base 6, what is -110021 - 3?
-110024
In base 3, what is -100 + -10202200220?
-10202201020
In base 6, what is -422322551 + 1?
-422322550
In base 16, what is fcdde + 5?
fcde3
In base 13, what is 12 - 13b9?
-13a7
In base 9, what is -1715870 + 2?
-1715867
In base 14, what is 9 + 8d4c?
8d57
In base 3, what is -110202102020 + -12?
-110202102102
In base 9, what is 5 + 4274?
4280
In base 11, what is -291 + -43?
-324
In base 13, what is 600 - 249?
384
In base 2, what is -10010000 - -1100110001?
1010100001
In base 14, what is 0 + -b0a49?
-b0a49
In base 15, what is 8 - -a78?
a81
In base 13, what is 5 - 17b1?
-17a9
In base 4, what is 3200102212 + 11?
3200102223
In base 14, what is b + 6004?
6011
In base 14, what is -17 - 4d05?
-4d1c
In base 12, what is 0 + -9081?
-9081
In base 3, what is 2 - 22002000121?
-22002000112
In base 7, what is -10365446 + -1?
-10365450
In base 14, what is -1278 + -8?
-1282
In base 11, what is a8 + -166?
-69
In base 11, what is -4 - -1969a?
19696
In base 16, what is -14ac3 + -3?
-14ac6
In base 4, what is -2000222131 + -11?
-2000222202
In base 14, what is 5 + 42d6?
42db
In base 11, what is -5365 - -11?
-5354
In base 12, what is 5b1 - -61?
652
In base 5, what is 123241311 + -11?
123241300
In base 14, what is -18ca1 - 1?
-18ca2
In base 11, what is 11 - -5727?
5738
In base 14, what is -5 - -1751?
174a
In base 6, what is -3231245 + -1?
-3231250
In base 4, what is -230 - -11323?
11033
In base 9, what is 2180 - -30?
2220
In base 9, what is -13 + -32708?
-32722
In base 15, what is 51 + 18?
69
In base 9, what is 605 + 1334?
2040
In base 7, what is -2 - -35446?
35444
In base 10, what is 55 - 11995?
-11940
In base 10, what is 30441 + 0?
30441
In base 5, what is -10234140 + -1?
-10234141
In base 16, what is -16b - bdd?
-d48
In base 16, what is 30eb + -28?
30c3
In base 2, what is -1101000 - 1100?
-1110100
In base 4, what is 12 - 1002223?
-1002211
In base 10, what is 4277 + -62?
4215
In base 11, what i